{"id":2,"date":"2025-02-14T07:22:25","date_gmt":"2025-02-14T07:22:25","guid":{"rendered":"https:\/\/protek.al\/?page_id=2"},"modified":"2025-02-14T17:21:59","modified_gmt":"2025-02-14T17:21:59","slug":"sample-page","status":"publish","type":"page","link":"https:\/\/protek.al\/?page_id=2","title":{"rendered":"Siguria"},"content":{"rendered":"\n<p>\ud83d\udea8 <strong>Siguria Juaj \u00ebsht\u00eb Prioriteti Jon\u00eb!<\/strong> \ud83d\udea8<\/p>\n\n\n\n<p>N\u00eb <strong>PROTEK<\/strong>, ne jemi k\u00ebtu p\u00ebr t&#8217;ju ofruar <strong>zgjidhje t\u00eb plota dhe t\u00eb personalizuara<\/strong> p\u00ebr mbrojtjen dhe sigurin\u00eb e sht\u00ebpis\u00eb, biznesit dhe familjes suaj. Me ekspertiz\u00ebn ton\u00eb dhe teknologjin\u00eb m\u00eb t\u00eb fundit, ju mund t\u00eb jeni t\u00eb sigurt q\u00eb jeni n\u00eb duat e profesionist\u00ebve.<\/p>\n\n\n\n<p>\u2728 <strong>Sh\u00ebrbimet tona p\u00ebrfshijn\u00eb:<\/strong><br>\ud83d\udd39 <strong>Sistemet e Kameras<\/strong> \u2013 Monitorimi 24\/7 p\u00ebr paqen tuaj mendore.<br>\ud83d\udd39 <strong>Sistemet e Alarmit<\/strong> \u2013 Mbrojtje e pamposhtur kund\u00ebr hyrjeve t\u00eb paligjshme.<br>\ud83d\udd39 <strong>Sistemet e Zjarrfikjes<\/strong> \u2013 Siguri maksimale kund\u00ebr rreziqeve nga zjarri.<br>\ud83d\udd39 <strong>Instalimet Elektrike<\/strong> \u2013 Zgjidhje t\u00eb sigurta dhe moderne p\u00ebr \u00e7do nevoj\u00eb.<br>\ud83d\udd39 <strong>Implementimi i Projekteve<\/strong> \u2013 Nga ideja n\u00eb realitet, me sakt\u00ebsi dhe profesionaliz\u00ebm.<\/p>\n\n\n\n<p>\ud83d\udc49 <strong>Pse t\u00eb na zgjidhni ne?<\/strong><br>\u2705 Ekspertiz\u00eb dhe p\u00ebrvoj\u00eb n\u00eb fush\u00ebn e siguris\u00eb.<br>\u2705 Teknologji e avancuar dhe zgjidhje t\u00eb personalizuara.<\/p>\n","protected":false},"excerpt":{"rendered":"<p>\ud83d\udea8 Siguria Juaj \u00ebsht\u00eb Prioriteti Jon\u00eb! \ud83d\udea8 N\u00eb PROTEK, ne jemi k\u00ebtu p\u00ebr t&#8217;ju ofruar zgjidhje t\u00eb plota dhe t\u00eb personalizuara p\u00ebr mbrojtjen dhe sigurin\u00eb e sht\u00ebpis\u00eb, biznesit dhe familjes suaj. Me ekspertiz\u00ebn ton\u00eb dhe teknologjin\u00eb m\u00eb t\u00eb fundit, ju mund t\u00eb jeni t\u00eb sigurt q\u00eb jeni n\u00eb duat e profesionist\u00ebve. \u2728 Sh\u00ebrbimet tona p\u00ebrfshijn\u00eb:\ud83d\udd39 [&hellip;]<\/p>\n","protected":false},"author":1,"featured_media":34,"parent":0,"menu_order":0,"comment_status":"closed","ping_status":"open","template":"","meta":{"footnotes":""},"class_list":["post-2","page","type-page","status-publish","has-post-thumbnail","hentry"],"_links":{"self":[{"href":"https:\/\/protek.al\/index.php?rest_route=\/wp\/v2\/pages\/2","targetHints":{"allow":["GET"]}}],"collection":[{"href":"https:\/\/protek.al\/index.php?rest_route=\/wp\/v2\/pages"}],"about":[{"href":"https:\/\/protek.al\/index.php?rest_route=\/wp\/v2\/types\/page"}],"author":[{"embeddable":true,"href":"https:\/\/protek.al\/index.php?rest_route=\/wp\/v2\/users\/1"}],"replies":[{"embeddable":true,"href":"https:\/\/protek.al\/index.php?rest_route=%2Fwp%2Fv2%2Fcomments&post=2"}],"version-history":[{"count":2,"href":"https:\/\/protek.al\/index.php?rest_route=\/wp\/v2\/pages\/2\/revisions"}],"predecessor-version":[{"id":57,"href":"https:\/\/protek.al\/index.php?rest_route=\/wp\/v2\/pages\/2\/revisions\/57"}],"wp:featuredmedia":[{"embeddable":true,"href":"https:\/\/protek.al\/index.php?rest_route=\/wp\/v2\/media\/34"}],"wp:attachment":[{"href":"https:\/\/protek.al\/index.php?rest_route=%2Fwp%2Fv2%2Fmedia&parent=2"}],"curies":[{"name":"wp","href":"https:\/\/api.w.org\/{rel}","templated":true}]}}